{"id":1570,"date":"2021-09-30T06:37:37","date_gmt":"2021-09-30T11:37:37","guid":{"rendered":"https:\/\/proyectos.colectiva.biz\/piscolablanco\/?post_type=product&#038;p=1570"},"modified":"2021-12-04T19:04:37","modified_gmt":"2021-12-05T00:04:37","slug":"pisco-lablanco-clasico-italia","status":"publish","type":"product","link":"https:\/\/piscolablanco.com\/\/producto\/pisco-lablanco-clasico-italia\/","title":{"rendered":"Pisco Lablanco Cl\u00e1sico Italia"},"content":{"rendered":"<p><b><i>COMPOSICI\u00d3N<br \/>\n<\/i><\/b>Capacidad 500ml. x Botella.\u00a0 Grado de Alcohol 40\u00b0.<\/p>\n<p><b><i>PRESENTACI\u00d3N<br \/>\n<\/i><\/b>Fina botella de vidrio transparente con etiquetas autoadhesivas plastificadas , en fino tubo de cart\u00f3n plastificado mate impreso<\/p>\n<p><b><i>DESCRIPCI\u00d3N<br \/>\n<\/i><\/b>Transparente, brillante, de agradables y suaves aromas florales y c\u00edtricos. Suavemente amable de complejo gusto herbal y equilibrado en alcohol, de termino dulce y amplio con personalidad.<\/p>\n<p><b><i>TEMPERATURA<br \/>\n<\/i><\/b>Recomendable Decantar y Servir a 16\u00b0C.<\/p>\n<p><b><i>SUGERENCIAS<\/i><\/b><br \/>\nIdeal como acompa\u00f1ante de dulces c\u00edtricos, maracuy\u00e1 y miel.<\/p>\n","protected":false},"excerpt":{"rendered":"<p>COMPOSICI\u00d3N Capacidad 500ml. x Botella.\u00a0 Grado de Alcohol 40\u00b0. PRESENTACI\u00d3N Fina botella de vidrio transparente con etiquetas autoadhesivas plastificadas , en fino tubo de cart\u00f3n plastificado mate impreso DESCRIPCI\u00d3N Transparente, brillante, de agradables y suaves aromas florales y c\u00edtricos. Suavemente amable de complejo gusto herbal y equilibrado en alcohol, de termino dulce y amplio con [&hellip;]<\/p>\n","protected":false},"featured_media":582,"comment_status":"open","ping_status":"closed","template":"","meta":[],"product_cat":[27],"product_tag":[],"acf":[],"_links":{"self":[{"href":"https:\/\/piscolablanco.com\/\/wp-json\/wp\/v2\/product\/1570"}],"collection":[{"href":"https:\/\/piscolablanco.com\/\/wp-json\/wp\/v2\/product"}],"about":[{"href":"https:\/\/piscolablanco.com\/\/wp-json\/wp\/v2\/types\/product"}],"replies":[{"embeddable":true,"href":"https:\/\/piscolablanco.com\/\/wp-json\/wp\/v2\/comments?post=1570"}],"wp:featuredmedia":[{"embeddable":true,"href":"https:\/\/piscolablanco.com\/\/wp-json\/wp\/v2\/media\/582"}],"wp:attachment":[{"href":"https:\/\/piscolablanco.com\/\/wp-json\/wp\/v2\/media?parent=1570"}],"wp:term":[{"taxonomy":"product_cat","embeddable":true,"href":"https:\/\/piscolablanco.com\/\/wp-json\/wp\/v2\/product_cat?post=1570"},{"taxonomy":"product_tag","embeddable":true,"href":"https:\/\/piscolablanco.com\/\/wp-json\/wp\/v2\/product_tag?post=1570"}],"curies":[{"name":"wp","href":"https:\/\/api.w.org\/{rel}","templated":true}]}}